{"id":2383,"date":"2021-10-21T20:35:26","date_gmt":"2021-10-21T20:35:26","guid":{"rendered":"http:\/\/quilisalud.gov.co\/home\/?page_id=2383"},"modified":"2025-04-24T16:36:32","modified_gmt":"2025-04-24T16:36:32","slug":"procedimientos","status":"publish","type":"page","link":"https:\/\/quilisalud.gov.co\/home\/procedimientos\/","title":{"rendered":"Procedimientos"},"content":{"rendered":"\n<ul class=\"wp-block-list\"><li><strong><a href=\"https:\/\/quilisalud.gov.co\/home\/wp-content\/uploads\/2021\/10\/PROCEDIMIENTOS-VACUNACION.xlsx\">Procedimientos Vacunaci\u00f3n<\/a><\/strong><\/li><li><strong><a href=\"https:\/\/quilisalud.gov.co\/home\/wp-content\/uploads\/2021\/10\/PROCEDIMIENTOS-TESORERIA.xlsx\">Procedimientos Tesorer\u00eda<\/a><\/strong><\/li><li><strong><a href=\"https:\/\/quilisalud.gov.co\/home\/wp-content\/uploads\/2021\/10\/PROCEDIMIENTOS-LABORATORIO-CLINICO-2021.xlsx\">Procedimientos Laboratorio Cl\u00ednico<\/a><\/strong><\/li><li><strong><a href=\"https:\/\/quilisalud.gov.co\/home\/wp-content\/uploads\/2021\/10\/PROCEDIMIENTOS-SISTEMAS.xlsx\">Procedimientos Sistemas<\/a><\/strong><\/li><li><strong><a href=\"https:\/\/quilisalud.gov.co\/home\/wp-content\/uploads\/2021\/10\/PROCEDIMIENTOS-DOCENCIA-SERVICIO.xlsx\">Procedimiento Docencia Servicio<\/a><\/strong><\/li><li><strong><a href=\"https:\/\/quilisalud.gov.co\/home\/wp-content\/uploads\/2021\/10\/PROCEDIMIENTOS-CONTABILIDAD.xlsx\">Procedimientos Contabilidad<\/a><\/strong><\/li><li><strong><a href=\"https:\/\/quilisalud.gov.co\/home\/wp-content\/uploads\/2021\/10\/PROCEDIMIENTOS-ASISTENCIALES.xlsx\">Procedimientos Asistenciales<\/a><\/strong><\/li><li><strong><a href=\"https:\/\/quilisalud.gov.co\/home\/wp-content\/uploads\/2021\/10\/PROCEDIMIENTOS-ARCHIVO-Y-CORRESPONDENCIA-ok.xlsx\">Procedimientos Archivo y Correspondencia<\/a><\/strong><\/li><li><strong><a href=\"https:\/\/quilisalud.gov.co\/home\/wp-content\/uploads\/2021\/10\/PROCEDIMIENTOS-FACTURACION.xlsx\">Procedimientos Facturaci\u00f3n<\/a><\/strong><\/li><li><strong><a href=\"https:\/\/quilisalud.gov.co\/home\/wp-content\/uploads\/2021\/10\/PROCEDIMIENTOS-CENTRAL-DE-citas.xlsx\">Procedimientos Central de Citas<\/a><\/strong><\/li><li><strong><a href=\"https:\/\/quilisalud.gov.co\/home\/wp-content\/uploads\/2021\/10\/PROCEDIMIENTOPERMISO-PERSONAL-1.xlsx\">Procedimiento Solicitud de Permisos del Personal<\/a><\/strong><\/li><li><strong><a href=\"https:\/\/quilisalud.gov.co\/home\/wp-content\/uploads\/2021\/10\/PROCEDIMIENTO-DE-ESTADISTICA.xlsx\">Procedimiento de Estad\u00edstica<\/a><\/strong><\/li><li><strong><a href=\"https:\/\/quilisalud.gov.co\/home\/wp-content\/uploads\/2021\/10\/PROCEDIMIENTO-CONTROL-INTERNO.xlsx\">Procedimiento Control Interno<\/a><\/strong><\/li><li><strong><a href=\"https:\/\/quilisalud.gov.co\/home\/wp-content\/uploads\/2021\/10\/PROCEDIMIENTO-CONTRATACION-2021.xlsx\">Procedimiento Contrataci\u00f3n<\/a><\/strong><\/li><li><strong><a href=\"https:\/\/quilisalud.gov.co\/home\/wp-content\/uploads\/2021\/10\/PROCEDIMIENTO-AUDITORIA-2021.xlsx\">Procedimiento Auditor\u00eda<\/a><\/strong><\/li><li><a href=\"https:\/\/quilisalud.gov.co\/home\/wp-content\/uploads\/2021\/10\/PROCEDIMIENTO-CARTERA.xlsx\"><strong>Procedimiento Cartera<\/strong><\/a><\/li><\/ul>\n","protected":false},"excerpt":{"rendered":"<p>Procedimientos Vacunaci\u00f3n Procedimientos Tesorer\u00eda Procedimientos Laboratorio Cl\u00ednico Procedimientos Sistemas Procedimiento Docencia Servicio Procedimientos Contabilidad Procedimientos Asistenciales Procedimientos Archivo y Correspondencia Procedimientos Facturaci\u00f3n Procedimientos Central de Citas Procedimiento Solicitud de Permisos del Personal Procedimiento de Estad\u00edstica Procedimiento Control Interno Procedimiento Contrataci\u00f3n Procedimiento Auditor\u00eda Procedimiento Cartera<\/p>\n","protected":false},"author":2,"featured_media":0,"parent":0,"menu_order":0,"comment_status":"closed","ping_status":"closed","template":"","meta":{"footnotes":""},"class_list":["post-2383","page","type-page","status-publish","hentry"],"_links":{"self":[{"href":"https:\/\/quilisalud.gov.co\/home\/wp-json\/wp\/v2\/pages\/2383","targetHints":{"allow":["GET"]}}],"collection":[{"href":"https:\/\/quilisalud.gov.co\/home\/wp-json\/wp\/v2\/pages"}],"about":[{"href":"https:\/\/quilisalud.gov.co\/home\/wp-json\/wp\/v2\/types\/page"}],"author":[{"embeddable":true,"href":"https:\/\/quilisalud.gov.co\/home\/wp-json\/wp\/v2\/users\/2"}],"replies":[{"embeddable":true,"href":"https:\/\/quilisalud.gov.co\/home\/wp-json\/wp\/v2\/comments?post=2383"}],"version-history":[{"count":1,"href":"https:\/\/quilisalud.gov.co\/home\/wp-json\/wp\/v2\/pages\/2383\/revisions"}],"predecessor-version":[{"id":5551,"href":"https:\/\/quilisalud.gov.co\/home\/wp-json\/wp\/v2\/pages\/2383\/revisions\/5551"}],"wp:attachment":[{"href":"https:\/\/quilisalud.gov.co\/home\/wp-json\/wp\/v2\/media?parent=2383"}],"curies":[{"name":"wp","href":"https:\/\/api.w.org\/{rel}","templated":true}]}}